[INFO] fetching crate rustc-ap-arena 662.0.0...
[INFO] checking rustc-ap-arena-662.0.0 against try#72f88fc4e9458f89516a0b8b0868f3718aec5b47 for pr-74989
[INFO] extracting crate rustc-ap-arena 662.0.0 into /workspace/builds/worker-9/source
[INFO] validating manifest of crates.io crate rustc-ap-arena 662.0.0 on toolchain 72f88fc4e9458f89516a0b8b0868f3718aec5b47
[INFO] running `Command { std: "/workspace/cargo-home/bin/cargo" "+72f88fc4e9458f89516a0b8b0868f3718aec5b47" "read-manifest" "--manifest-path" "Cargo.toml", kill_on_drop: false }`
[INFO] started tweaking crates.io crate rustc-ap-arena 662.0.0
[INFO] finished tweaking crates.io crate rustc-ap-arena 662.0.0
[INFO] tweaked toml for crates.io crate rustc-ap-arena 662.0.0 written to /workspace/builds/worker-9/source/Cargo.toml
[INFO] running `Command { std: "/workspace/cargo-home/bin/cargo" "+72f88fc4e9458f89516a0b8b0868f3718aec5b47" "generate-lockfile" "--manifest-path" "Cargo.toml" "-Zno-index-update", kill_on_drop: false }`
[INFO] running `Command { std: "/workspace/cargo-home/bin/cargo" "+72f88fc4e9458f89516a0b8b0868f3718aec5b47" "fetch" "--locked" "--manifest-path" "Cargo.toml", kill_on_drop: false }`
[INFO] [stderr]  Downloading crates ...
[INFO] [stderr]   Downloaded rustc-ap-graphviz v662.0.0
[INFO] [stderr]   Downloaded rustc-ap-serialize v662.0.0
[INFO] [stderr]   Downloaded rustc-ap-rustc_data_structures v662.0.0
[INFO] [stderr]   Downloaded rustc-ap-rustc_index v662.0.0
[INFO] running `Command { std: "docker" "create" "-v" "/var/lib/crater-agent-workspace/builds/worker-9/target:/opt/rustwide/target:rw,Z" "-v" "/var/lib/crater-agent-workspace/builds/worker-9/source:/opt/rustwide/workdir:ro,Z" "-v" "/var/lib/crater-agent-workspace/cargo-home:/opt/rustwide/cargo-home:ro,Z" "-v" "/var/lib/crater-agent-workspace/rustup-home:/opt/rustwide/rustup-home:ro,Z" "-e" "SOURCE_DIR=/opt/rustwide/workdir" "-e" "CARGO_TARGET_DIR=/opt/rustwide/target" "-e" "CARGO_HOME=/opt/rustwide/cargo-home" "-e" "RUSTUP_HOME=/opt/rustwide/rustup-home" "-w" "/opt/rustwide/workdir" "-m" "1610612736" "--user" "0:0" "--network" "none" "rustops/crates-build-env@sha256:d92eaeed33fa75130ca1ee6c8a01d1ffb62bac859dfdfb3450e3e5d1c0146529" "/opt/rustwide/cargo-home/bin/cargo" "+72f88fc4e9458f89516a0b8b0868f3718aec5b47" "metadata" "--no-deps" "--format-version=1", kill_on_drop: false }`
[INFO] [stdout] 12b67afe77dd9b43e27fbce14b2a8bf15aeb0b4bbdc6fb84e7079f06be144a37
[INFO] [stderr] WARNING: Your kernel does not support swap limit capabilities or the cgroup is not mounted. Memory limited without swap.
[INFO] running `Command { std: "docker" "start" "-a" "12b67afe77dd9b43e27fbce14b2a8bf15aeb0b4bbdc6fb84e7079f06be144a37", kill_on_drop: false }`
[INFO] running `Command { std: "docker" "inspect" "12b67afe77dd9b43e27fbce14b2a8bf15aeb0b4bbdc6fb84e7079f06be144a37", kill_on_drop: false }`
[INFO] running `Command { std: "docker" "rm" "-f" "12b67afe77dd9b43e27fbce14b2a8bf15aeb0b4bbdc6fb84e7079f06be144a37", kill_on_drop: false }`
[INFO] [stdout] 12b67afe77dd9b43e27fbce14b2a8bf15aeb0b4bbdc6fb84e7079f06be144a37
[INFO] running `Command { std: "docker" "create" "-v" "/var/lib/crater-agent-workspace/builds/worker-9/target:/opt/rustwide/target:rw,Z" "-v" "/var/lib/crater-agent-workspace/builds/worker-9/source:/opt/rustwide/workdir:ro,Z" "-v" "/var/lib/crater-agent-workspace/cargo-home:/opt/rustwide/cargo-home:ro,Z" "-v" "/var/lib/crater-agent-workspace/rustup-home:/opt/rustwide/rustup-home:ro,Z" "-e" "SOURCE_DIR=/opt/rustwide/workdir" "-e" "CARGO_TARGET_DIR=/opt/rustwide/target" "-e" "CARGO_INCREMENTAL=0" "-e" "RUST_BACKTRACE=full" "-e" "RUSTFLAGS=--cap-lints=forbid" "-e" "CARGO_HOME=/opt/rustwide/cargo-home" "-e" "RUSTUP_HOME=/opt/rustwide/rustup-home" "-w" "/opt/rustwide/workdir" "-m" "1610612736" "--user" "0:0" "--network" "none" "rustops/crates-build-env@sha256:d92eaeed33fa75130ca1ee6c8a01d1ffb62bac859dfdfb3450e3e5d1c0146529" "/opt/rustwide/cargo-home/bin/cargo" "+72f88fc4e9458f89516a0b8b0868f3718aec5b47" "check" "--frozen" "--all" "--all-targets" "--message-format=json", kill_on_drop: false }`
[INFO] [stdout] 03c218d80a1bbb23fe69ccec81b1eddf2e797d1778b919debaf4393e70b91111
[INFO] [stderr] WARNING: Your kernel does not support swap limit capabilities or the cgroup is not mounted. Memory limited without swap.
[INFO] running `Command { std: "docker" "start" "-a" "03c218d80a1bbb23fe69ccec81b1eddf2e797d1778b919debaf4393e70b91111", kill_on_drop: false }`
[INFO] [stderr]     Checking cfg-if v0.1.10
[INFO] [stderr]    Compiling autocfg v1.0.1
[INFO] [stderr]    Compiling libc v0.2.77
[INFO] [stderr]     Checking scopeguard v1.1.0
[INFO] [stderr]    Compiling maybe-uninit v2.0.0
[INFO] [stderr]    Compiling semver-parser v0.7.0
[INFO] [stderr]     Checking lazy_static v1.4.0
[INFO] [stderr]     Checking smallvec v1.4.2
[INFO] [stderr]    Compiling cc v1.0.59
[INFO] [stderr]     Checking hashbrown v0.9.0
[INFO] [stderr]    Compiling log v0.4.11
[INFO] [stderr]    Compiling byteorder v1.3.4
[INFO] [stderr]    Compiling rustc-rayon-core v0.3.0
[INFO] [stderr]     Checking instant v0.1.6
[INFO] [stderr]    Compiling bitflags v1.2.1
[INFO] [stderr]     Checking either v1.6.0
[INFO] [stderr]     Checking rustc-hash v1.1.0
[INFO] [stderr]     Checking rustc-ap-graphviz v662.0.0
[INFO] [stderr]     Checking stable_deref_trait v1.2.0
[INFO] [stderr]     Checking lock_api v0.3.4
[INFO] [stderr]     Checking lock_api v0.4.1
[INFO] [stderr]     Checking crossbeam-utils v0.6.6
[INFO] [stderr]    Compiling semver v0.9.0
[INFO] [stderr]    Compiling rustc_version v0.2.3
[INFO] [stderr]     Checking crossbeam-queue v0.1.2
[INFO] [stderr]    Compiling memoffset v0.5.5
[INFO] [stderr]    Compiling crossbeam-utils v0.7.2
[INFO] [stderr]    Compiling crossbeam-epoch v0.8.2
[INFO] [stderr]    Compiling indexmap v1.6.0
[INFO] [stderr]     Checking smallvec v0.6.13
[INFO] [stderr]     Checking ena v0.14.0
[INFO] [stderr]    Compiling parking_lot_core v0.6.2
[INFO] [stderr]    Compiling parking_lot v0.9.0
[INFO] [stderr]    Compiling psm v0.1.11
[INFO] [stderr]    Compiling stacker v0.1.11
[INFO] [stderr]     Checking rustc-ap-serialize v662.0.0
[INFO] [stderr]     Checking parking_lot_core v0.8.0
[INFO] [stderr]     Checking num_cpus v1.13.0
[INFO] [stderr]     Checking memmap v0.7.0
[INFO] [stderr]     Checking parking_lot_core v0.7.2
[INFO] [stderr]     Checking jobserver v0.1.21
[INFO] [stderr]     Checking crossbeam-deque v0.7.3
[INFO] [stderr]     Checking parking_lot v0.11.0
[INFO] [stderr]     Checking parking_lot v0.10.2
[INFO] [stderr]     Checking once_cell v1.4.1
[INFO] [stderr]     Checking measureme v0.7.1
[INFO] [stderr]     Checking rustc-rayon v0.3.0
[INFO] [stderr]     Checking rustc-ap-rustc_index v662.0.0
[INFO] [stderr]     Checking rustc-ap-rustc_data_structures v662.0.0
[INFO] [stderr]     Checking rustc-ap-arena v662.0.0 (/opt/rustwide/workdir)
[INFO] [stdout] error[E0599]: no method named `reserve_in_place` found for struct `RawVec<T>` in the current scope
[INFO] [stdout]    --> lib.rs:228:39
[INFO] [stdout]     |
[INFO] [stdout] 228 |                 if last_chunk.storage.reserve_in_place(currently_used_cap, n) {
[INFO] [stdout]     |                                       ^^^^^^^^^^^^^^^^ method not found in `RawVec<T>`
[INFO] [stdout] 
[INFO] [stdout] 
[INFO] [stdout] error[E0599]: no method named `reserve_in_place` found for struct `RawVec<T>` in the current scope
[INFO] [stdout]    --> lib.rs:228:39
[INFO] [stdout]     |
[INFO] [stdout] 228 |                 if last_chunk.storage.reserve_in_place(currently_used_cap, n) {
[INFO] [stdout]     |                                       ^^^^^^^^^^^^^^^^ method not found in `RawVec<T>`
[INFO] [stdout] 
[INFO] [stdout] 
[INFO] [stdout] error[E0599]: no method named `reserve_in_place` found for struct `RawVec<u8>` in the current scope
[INFO] [stdout]    --> lib.rs:356:39
[INFO] [stdout]     |
[INFO] [stdout] 356 |                 if last_chunk.storage.reserve_in_place(used_bytes, needed_bytes) {
[INFO] [stdout]     |                                       ^^^^^^^^^^^^^^^^ method not found in `RawVec<u8>`
[INFO] [stdout] 
[INFO] [stdout] 
[INFO] [stdout] error[E0599]: no method named `reserve_in_place` found for struct `RawVec<u8>` in the current scope
[INFO] [stdout]    --> lib.rs:356:39
[INFO] [stdout]     |
[INFO] [stdout] 356 |                 if last_chunk.storage.reserve_in_place(used_bytes, needed_bytes) {
[INFO] [stdout]     |                                       ^^^^^^^^^^^^^^^^ method not found in `RawVec<u8>`
[INFO] [stdout] 
[INFO] [stdout] 
[INFO] [stdout] error: aborting due to 2 previous errors
[INFO] [stdout] 
[INFO] [stdout] 
[INFO] [stdout] For more information about this error, try `rustc --explain E0599`.
[INFO] [stdout] 
[INFO] [stderr] error: could not compile `rustc-ap-arena`.
[INFO] [stderr] 
[INFO] [stderr] To learn more, run the command again with --verbose.
[INFO] [stderr] warning: build failed, waiting for other jobs to finish...
[INFO] [stdout] error: aborting due to 2 previous errors
[INFO] [stdout] 
[INFO] [stdout] 
[INFO] [stdout] For more information about this error, try `rustc --explain E0599`.
[INFO] [stdout] 
[INFO] [stderr] error: build failed
[INFO] running `Command { std: "docker" "inspect" "03c218d80a1bbb23fe69ccec81b1eddf2e797d1778b919debaf4393e70b91111", kill_on_drop: false }`
[INFO] running `Command { std: "docker" "rm" "-f" "03c218d80a1bbb23fe69ccec81b1eddf2e797d1778b919debaf4393e70b91111", kill_on_drop: false }`
[INFO] [stdout] 03c218d80a1bbb23fe69ccec81b1eddf2e797d1778b919debaf4393e70b91111
